s -2b6b (base 12) in base 13?
-2441
-b54 (base 14) to base 11
-1748
What is -200021 (base 3) in base 4?
-13231
What is -220200212 (base 3) in base 2?
-100011001010101
What is 1021210 (base 4) in base 14?
1a04
3463 (base 7) to base 5
20040
What is 137318 (base 9) in base 16?
1487f
What is 14125 (base 10) in base 6?
145221
Convert 1367 (base 9) to base 7.
3004
Convert 13320 (base 6) to base 11.
1607
13333 (base 5) to base 11
904
Convert -38 (base 11) to base 3.
-1112
Convert -121102000 (base 3) to base 10.
-11961
Convert -28ce (base 16) to base 12.
-6066
17 (base 11) to base 2
10010
Convert -1302 (base 6) to base 15.
-16b
What is -1674 (base 10) in base 3?
-2022000
What is 2402311 (base 5) in base 15?
d0db
What is 122002 (base 3) in base 11?
38a
Convert 42550 (base 6) to base 12.
3456
154 (base 15) to base 2
100110000
What is 47b9 (base 12) in base 13?
3891
5714 (base 9) to base 8
10201
Convert -1210201 (base 4) to base 16.
-1921
531 (base 7) to base 3
100220
Convert -16334 (base 7) to base 11.
-3530
Convert -311220 (base 4) to base 8.
-6550
-11969 (base 14) to base 3
-2012000020
15200 (base 9) to base 7
42141
What is 112002 (base 3) in base 12?
278
1121 (base 8) to base 3
210222
What is 444305 (base 6) in base 2?
1001000110010001
What is -130 (base 6) in base 10?
-54
Convert 23325 (base 6) to base 14.
1325
Convert -3558 (base 9) to base 11.
-1a95
Convert 1003103 (base 4) to base 2.
1000011010011
Convert 160401 (base 8) to base 14.
16dc5
c12c (base 14) to base 16
818c
-22122221 (base 3) to base 9
-8587
627 (base 15) to base 13
829
-14031 (base 5) to base 15
-511
Convert -17b8 (base 12) to base 3.
-10221112
What is a415 (base 14) in base 3?
1102202001
What is -145440 (base 6) in base 5?
-423313
Convert 12b0 (base 12) to base 15.
983
What is 1134034 (base 5) in base 12?
102a0
-3003110 (base 4) to base 15
-3a85
-100100010 (base 2) to base 10
-290
463 (base 10) to base 9
564
What is 4626 (base 8) in base 9?
3326
Convert 10660 (base 8) to base 16.
11b0
-660 (base 16) to base 15
-73c
3354 (base 9) to base 7
10141
-3567 (base 9) to base 7
-10510
Convert 1024220 (base 5) to base 6.
212415
What is 8126 (base 11) in base 12?
62b9
Convert -3312 (base 4) to base 6.
-1050
What is -3d53 (base 14) in base 4?
-2221211
Convert -3a8 (base 11) to base 9.
-584
7d32 (base 14) to base 9
32812
What is 1010001111 (base 2) in base 13?
3b5
What is -7854 (base 11) in base 2?
-10100001101000
2891 (base 10) to base 15
ccb
What is -2631 (base 11) in base 13?
-1733
7418 (base 9) to base 15
192e
What is -93c (base 16) in base 6?
-14540
What is -152 (base 16) in base 6?
-1322
-17653 (base 10) to base 8
-42365
Convert 189b8 (base 12) to base 11.
25054
Convert 242 (base 7) to base 4.
2000
What is -3106 (base 11) in base 14?
-1704
What is -1010100110011 (base 2) in base 7?
-21552
What is 6474 (base 10) in base 13?
2c40
What is 1101211212 (base 3) in base 10?
27590
44252 (base 6) to base 4
1200020
Convert 455415 (base 6) to base 14.
1020b
Convert 1311120 (base 4) to base 11.
570a
Convert -40411 (base 5) to base 3.
-10120112
Convert -444 (base 15) to base 8.
-1704
What is -513 (base 12) in base 4?
-23133
What is 11123 (base 5) in base 9?
1065
112232 (base 4) to base 7
4145
What is 2818 (base 13) in base 2?
1011010000111
Convert -20020221 (base 3) to base 5.
-121221
-5421 (base 11) to base 12
-418a
-32627 (base 8) to base 6
-143303
153035 (base 6) to base 2
11101001001111
What is 13a2 (base 12) in base 7?
6440
Convert a7 (base 11) to base 16.
75
-1212011110 (base 3) to base 8
-107332
What is -721 (base 11) in base 13?
-51c
-195a (base 12) to base 8
-6026
Convert f8a (base 16) to base 3.
12110100
Convert -11011011001011 (base 2) to base 13.
-6500
32212 (base 4) to base 2
1110100110
Convert -110000111011 (base 2) to base 3.
-11021222
Convert 7a20 (base 15) to base 9.
38473
23b7 (base 16) to base 8
21667
What is 110110110110 (base 2) in base 10?
3510
507 (base 9) to base 15
1c7
ac66 (base 15) to base 16
8ec2
What is 364a (base 14) in base 7?
36423
What is -663 (base 15) in base 7?
-4131
-2737 (base 13) to base 8
-12767
What is -1200210 (base 3) in base 16?
-4d4
Convert 81a (base 16) to base 4.
200122
3c93 (base 14) to base 7
43143
-2046 (base 14) to base 7
-22116
Convert -3354 (base 7) to base 13.
-726
What is -818 (base 13) in base 16?
-55d
Convert 110021110 (base 3) to base 13.
40c5
24950 (base 13) to base 7
400532
212a (base 12) to base 2
111000110010
101111100101 (base 2) to base 5
44140
-4ba (base 14) to base 8
-1664
Convert -10232 (base 4) to base 6.
-1222
-34450 (base 6) to base 7
-20235
What is 307 (base 9) in base 5?
2000
10d (base 16) to base 7
533
2a293 (base 11) to base 15
cac6
What is 12167 (base 13) in base 16?
81b9
10100001100 (base 2) to base 11
a75
-10010000010101100 (base 2) to base 14
-1cd08
Convert -13551 (base 7) to base 16.
-e7f
What is -100002 (base 3) in base 5?
-1440
-4354 (base 8) to base 7
-6442
-2644 (base 7) to base 3
-1101111
Convert 20361 (base 8) to base 16.
20f1
Convert 5a83 (base 11) to base 8.
17424
What is -1840 (base 13) in base 4?
-320101
Convert -9706 (base 10) to base 2.
-10010111101010
13264 (base 9) to base 15
29cd
-18638 (base 10) to base 8
-44316
What is -244211 (base 5) in base 4?
-2101122
Convert -102121202 (base 3) to base 15.
-279b
Convert 223 (base 8) to base 13.
b4
bba5 (base 13) to base 3
1022212221
497 (base 15) to base 6
4454
What is -183 (base 16) in base 6?
-1443
Convert 1101 (base 4) to base 5.
311
What is -1022000001 (base 3) in base 6?
-314044
What is 2011012 (base 3) in base 9?
2135
-1f7 (base 16) to base 3
-200122
What is -103 (base 9) in base 11?
-77
-25a5 (base 13) to base 14
-1d5c
What is -a4 (base 14) in base 2?
-10010000
Convert -34fc (base 16) to base 2.
-11010011111100
What is ee7 (base 15) in base 5?
101432
What is 4302 (base 5) in base 6?
2401
Convert 664 (base 14) to base 7.
3454
What is -347 (base 14) in base 6?
-3003
-242 (base 6) to base 3
-10122
Convert -2178 (base 9) to base 13.
-96b
Convert -2130112 (base 4) to base 11.
-7577
-b06 (base 16) to base 2
-101100000110
What is -101100101001 (base 2) in base 16?
-b29
-54a (base 11) to base 13
-3b9
Convert 11001102 (base 3) to base 14.
1110
-10364 (base 7) to base 14
-d34
Convert a5d (base 15) to base 8.
4442
What is 9906 (base 11) in base 6?
140310
What is -22112222 (base 4) in base 13?
-163c4
986 (base 10) to base 4
33122
What is 2318 (base 10) in base 11?
1818
What is 672a (base 14) in base 15?
5469
66d (base 15) to base 12
a11
Convert -1163 (base 9) to base 4.
-31203
-12c1 (base 14) to base 11
-2535
What is 1092 (base 14) in base 16?
b38
-35521 (base 7) to base 9
-13527
Convert -4ab (base 14) to base 2.
-1110100111
12234 (base 9) to base 3
102021011
8200 (base 9) to base 6
43430
What is -205f (base 16) in base 3?
-102100221
What is -7ba (base 13) in base 3?
-1211111
Convert 1321 (base 9) to base 14.
50b
Convert 1684a (base 11) to base 8.
56141
-110111010110010 (base 2) to base 15
-85e3
Convert -11143 (base 7) to base 6.
-21024
What is -2a7 (base 16) in base 2?
-1010100111
-2513 (base 7) to base 11
-786
-1100101100 (base 2) to base 5
-11222
What is -31231 (base 7) in base 8?
-16762
Convert 428 (base 10) to base 12.
2b8
26ab8 (base 13) to base 12
35901
Convert 10210002 (base 3) to base 13.
1340
Convert 323 (base 5) to base 6.
224
9c28 (base 16) to base 3
2000211121
Convert -1479 (base 12) to base 16.
-95d
What is 405 (base 14) in base 7?
2205
-3469 (base 10) to base 11
-2674
-6246 (base 8) to base 6
-22554
25674 (base 9) to base 6
212104
-1a88 (base 11) to base 12
-1639
What is 121013 (base 4) in base 9?
2175
-b587 (base 14) to base 9
-46818
Convert -33337 (base 9) to base 10.
-22147
What is -414 (base 7) in base 10?
-207
Convert -620 (base 14) to base 12.
-844
-5aa6 (base 12) to base 7
-41520
Convert 3410 (base 5) to base 13.
2ac
What is 353 (base 9) in base 15?
146
What is -45612 (base 7) in base 9?
-16843
What is 1000101001 (base 2) in base 7?
1420
Convert -4255 (base 7) to base 10.
-1510
2144241 (base 5) to base 10
37446
Convert -14103 (base 11) to base 6.
-233001
What is -1ad (base 16) in base 13?
-270
What is 320 (base 5) in base 9?
104
Convert -23b (base 12) to base 15.
-175
-230003 (base 4) to base 7
-11135
What is -134325 (base 6) in base 5?
-401103
-73